{"id":260,"date":"2015-08-01T07:36:50","date_gmt":"2015-08-01T07:36:50","guid":{"rendered":"http:\/\/haideralicontracting.com\/?page_id=260"},"modified":"2016-10-05T22:49:33","modified_gmt":"2016-10-05T22:49:33","slug":"notre-politique-hse","status":"publish","type":"page","link":"https:\/\/www.haideralicontracting.com\/?page_id=260","title":{"rendered":"Notre politique HSE"},"content":{"rendered":"<p style=\"text-align: justify;\">Nous accordons une importance appr\u00e9ciable au volet HSE <a href=\"http:\/\/haideralicontracting.com\/wp-content\/uploads\/2015\/08\/Animateur.jpg\"><img loading=\"lazy\" decoding=\"async\" class=\" size-medium wp-image-359 alignright\" src=\"http:\/\/haideralicontracting.com\/wp-content\/uploads\/2015\/08\/Animateur-300x238.jpg\" alt=\"HSE\" width=\"300\" height=\"238\" srcset=\"https:\/\/www.haideralicontracting.com\/wp-content\/uploads\/2015\/08\/Animateur-300x238.jpg 300w, https:\/\/www.haideralicontracting.com\/wp-content\/uploads\/2015\/08\/Animateur.jpg 508w\" sizes=\"auto, (max-width: 300px) 100vw, 300px\" \/><\/a><br \/>\nLa stabilit\u00e9 du personnel d\u2019encadrement permet de garder un capital exp\u00e9rience\u00a0; c\u2019est ce personnel qui communique, les r\u00e8gles \u00e0 respecter en m\u00eame temps que les instructions se rapportant aux travaux en cours, lors de briefings quotidiens.<\/p>\n<p style=\"text-align: justify;\">\nNous n\u2019avons jamais enregistr\u00e9 d\u2019accident lors de nos travaux en 6 ann\u00e9es d\u2019activit\u00e9<br \/>\nLe personnel est toujours muni d\u2019un \u00e9quipement individuel de protection.<\/p>\n<p style=\"text-align: justify;\">\nLa zone de travaux sur laquelle nous intervenons est toujours balis\u00e9e par des panneaux \u00e0 l\u2019entr\u00e9e et \u00e0 la sortie pour indiquer tout \u00e9ventuel danger et \u00e9viter tout risque d\u2019accident.<\/p>\n<p style=\"text-align: justify;\">\nLe personnel est rod\u00e9 aux op\u00e9rations de manutention, de chargement &amp; d\u00e9chargement<br \/>\ndes engins en vue de leur transport.<\/p>\n<p style=\"text-align: justify;\">\nNotre activit\u00e9 a un faible impact sur l\u2019environnement et g\u00e9n\u00e8re tr\u00e8s peu de d\u00e9chets (sauf en cas de scarification de la couche de roulement) \u2013 en fin de chantier nous effectuons une remise en \u00e9tat des lieux de mani\u00e8re \u00e0 ne laisser aucune trace de gravats, de mat\u00e9riaux ou de d\u00e9chets liquide ou solide.<\/p>\n<p style=\"text-align: justify;\">\nNotre centrale d\u2019enrobage est \u00e9quip\u00e9e d\u2019un syst\u00e8me anti-pollution pour l\u2019\u00e9limination des poussi\u00e8res et des particules fines.<\/p>\n<p style=\"text-align: justify;\">\nNous n\u2019avons jamais provoqu\u00e9 de pollution et nous portons un soin particulier \u00e0\u00a0 l\u2019environnement lors de nos travaux.<\/p>\n","protected":false},"excerpt":{"rendered":"<p>Nous accordons une importance appr\u00e9ciable au volet HSE La stabilit\u00e9 du personnel d\u2019encadrement permet de garder un capital exp\u00e9rience\u00a0; c\u2019est ce personnel qui communique, les r\u00e8gles \u00e0 respecter en m\u00eame temps que les instructions se rapportant aux travaux en cours, lors de briefings quotidiens. Nous n\u2019avons jamais enregistr\u00e9 d\u2019accident lors de nos travaux en 6 &#8230; <a title=\"Notre politique HSE\" class=\"read-more\" href=\"https:\/\/www.haideralicontracting.com\/?page_id=260\" aria-label=\"En savoir plus sur Notre politique HSE\">Lire la suite<\/a><\/p>\n","protected":false},"author":1,"featured_media":272,"parent":0,"menu_order":0,"comment_status":"closed","ping_status":"closed","template":"","meta":{"footnotes":""},"class_list":["post-260","page","type-page","status-publish","has-post-thumbnail"],"_links":{"self":[{"href":"https:\/\/www.haideralicontracting.com\/index.php?rest_route=\/wp\/v2\/pages\/260","targetHints":{"allow":["GET"]}}],"collection":[{"href":"https:\/\/www.haideralicontracting.com\/index.php?rest_route=\/wp\/v2\/pages"}],"about":[{"href":"https:\/\/www.haideralicontracting.com\/index.php?rest_route=\/wp\/v2\/types\/page"}],"author":[{"embeddable":true,"href":"https:\/\/www.haideralicontracting.com\/index.php?rest_route=\/wp\/v2\/users\/1"}],"replies":[{"embeddable":true,"href":"https:\/\/www.haideralicontracting.com\/index.php?rest_route=%2Fwp%2Fv2%2Fcomments&post=260"}],"version-history":[{"count":4,"href":"https:\/\/www.haideralicontracting.com\/index.php?rest_route=\/wp\/v2\/pages\/260\/revisions"}],"predecessor-version":[{"id":374,"href":"https:\/\/www.haideralicontracting.com\/index.php?rest_route=\/wp\/v2\/pages\/260\/revisions\/374"}],"wp:featuredmedia":[{"embeddable":true,"href":"https:\/\/www.haideralicontracting.com\/index.php?rest_route=\/wp\/v2\/media\/272"}],"wp:attachment":[{"href":"https:\/\/www.haideralicontracting.com\/index.php?rest_route=%2Fwp%2Fv2%2Fmedia&parent=260"}],"curies":[{"name":"wp","href":"https:\/\/api.w.org\/{rel}","templated":true}]}}