{"id":33,"date":"2015-07-12T23:03:12","date_gmt":"2015-07-12T23:03:12","guid":{"rendered":"http:\/\/haideralicontracting.com\/?page_id=33"},"modified":"2015-07-26T21:53:08","modified_gmt":"2015-07-26T21:53:08","slug":"presentation","status":"publish","type":"page","link":"https:\/\/www.haideralicontracting.com\/?page_id=33","title":{"rendered":"Pr\u00e9sentation"},"content":{"rendered":"<p><strong>Pr\u00e9sentation<\/strong><\/p>\n<p>L\u2019ouverture du march\u00e9 \u00e9conomique \u00e0 donn\u00e9 naissance \u00e0 plusieurs entreprises priv\u00e9es dans divers segments, parmi lesquelles figure la notre repr\u00e9sent\u00e9e par Eurl Haider Ali Contracting.<\/p>\n<p>En effet, la nouvelle dynamique \u00e9dict\u00e9e par le nouveau cadre l\u00e9gislatif r\u00e9gissant les secteurs \u00e9conomiques a donn\u00e9 une libert\u00e9 d\u2019acc\u00e8s \u00e0 tous les cr\u00e9neaux de d\u00e9veloppement \u00e9conomique et strat\u00e9gique du Pays.<\/p>\n<p>C\u2019est ainsi que notre entreprise s\u2019est engag\u00e9e \u00e0 acqu\u00e9rir un mat\u00e9riel diversifi\u00e9 et ad\u00e9quat pour garantir une comp\u00e9titivit\u00e9 saine et productive en ad\u00e9quation avec le nouveau cadre l\u00e9gislatif qui s\u2019appuie notamment sur les derni\u00e8res technologies et sur un syst\u00e8me de management appropri\u00e9.<\/p>\n<p>La satisfaction de notre client\u00e8le demeure notre unique pr\u00e9occupation primordiale et exige une mobilisation optimale de tous les moyens et une \u00e9coute accrue de la demande de march\u00e9 et la confiance plac\u00e9e en nous repr\u00e9sente l\u2019in\u00e9puisable gisement \u00e0 partir duquel elle tire toutes ses forces.<\/p>\n","protected":false},"excerpt":{"rendered":"<p>Pr\u00e9sentation L\u2019ouverture du march\u00e9 \u00e9conomique \u00e0 donn\u00e9 naissance \u00e0 plusieurs entreprises priv\u00e9es dans divers segments, parmi lesquelles figure la notre repr\u00e9sent\u00e9e par Eurl Haider Ali Contracting. En effet, la nouvelle dynamique \u00e9dict\u00e9e par le nouveau cadre l\u00e9gislatif r\u00e9gissant les secteurs \u00e9conomiques a donn\u00e9 une libert\u00e9 d\u2019acc\u00e8s \u00e0 tous les cr\u00e9neaux de d\u00e9veloppement \u00e9conomique et strat\u00e9gique &#8230; <a title=\"Pr\u00e9sentation\" class=\"read-more\" href=\"https:\/\/www.haideralicontracting.com\/?page_id=33\" aria-label=\"En savoir plus sur Pr\u00e9sentation\">Lire la suite<\/a><\/p>\n","protected":false},"author":1,"featured_media":0,"parent":0,"menu_order":0,"comment_status":"closed","ping_status":"closed","template":"","meta":{"footnotes":""},"class_list":["post-33","page","type-page","status-publish"],"_links":{"self":[{"href":"https:\/\/www.haideralicontracting.com\/index.php?rest_route=\/wp\/v2\/pages\/33","targetHints":{"allow":["GET"]}}],"collection":[{"href":"https:\/\/www.haideralicontracting.com\/index.php?rest_route=\/wp\/v2\/pages"}],"about":[{"href":"https:\/\/www.haideralicontracting.com\/index.php?rest_route=\/wp\/v2\/types\/page"}],"author":[{"embeddable":true,"href":"https:\/\/www.haideralicontracting.com\/index.php?rest_route=\/wp\/v2\/users\/1"}],"replies":[{"embeddable":true,"href":"https:\/\/www.haideralicontracting.com\/index.php?rest_route=%2Fwp%2Fv2%2Fcomments&post=33"}],"version-history":[{"count":3,"href":"https:\/\/www.haideralicontracting.com\/index.php?rest_route=\/wp\/v2\/pages\/33\/revisions"}],"predecessor-version":[{"id":229,"href":"https:\/\/www.haideralicontracting.com\/index.php?rest_route=\/wp\/v2\/pages\/33\/revisions\/229"}],"wp:attachment":[{"href":"https:\/\/www.haideralicontracting.com\/index.php?rest_route=%2Fwp%2Fv2%2Fmedia&parent=33"}],"curies":[{"name":"wp","href":"https:\/\/api.w.org\/{rel}","templated":true}]}}